{"id":56,"date":"2013-09-16T10:00:56","date_gmt":"2013-09-16T10:00:56","guid":{"rendered":"http:\/\/sportconsult.cc\/?page_id=56"},"modified":"2016-01-14T09:11:45","modified_gmt":"2016-01-14T09:11:45","slug":"portfolio","status":"publish","type":"page","link":"http:\/\/sportconsult.cc\/?page_id=56","title":{"rendered":"Referenzen"},"content":{"rendered":"<p>Seit 1994 wickeln wir mit unserem Team selbst -zig Sportveranstaltungen ab.<\/p>\n<p>Und wir haben bei unz\u00e4hligen externen Veranstaltungen mit unserem Know How und bedingungslosem pers\u00f6nlichen Einsatz f\u00fcr einen reibungslosen Ablauf gesorgt.<\/p>\n<p>&nbsp;<\/p>\n<p><!--more--><\/p>\n<p>Unsere Erfahrung und unsere Freude an der Arbeit bringen f\u00fcr unsere Kunden die Sicherheit, Sport richtig zu inszenieren und zu pr\u00e4sentieren.<\/p>\n<p>Qualit\u00e4t hat oberste Priorit\u00e4t, sie ist der Garant f\u00fcr die Zufriedenheit unserer Kunden. Hier ein \u00dcberblick ohne Anspruch auf Vollst\u00e4ndigkeit.<\/p>\n<p>&nbsp;<\/p>\n","protected":false},"excerpt":{"rendered":"<p>Seit 1994 wickeln wir mit unserem Team selbst -zig Sportveranstaltungen ab. Und wir haben bei unz\u00e4hligen externen Veranstaltungen mit unserem Know How und bedingungslosem pers\u00f6nlichen Einsatz f\u00fcr einen reibungslosen Ablauf gesorgt. &nbsp;<\/p>\n","protected":false},"author":1,"featured_media":0,"parent":0,"menu_order":0,"comment_status":"closed","ping_status":"closed","template":"page-template-portfolio.php","meta":[],"_links":{"self":[{"href":"http:\/\/sportconsult.cc\/index.php?rest_route=\/wp\/v2\/pages\/56"}],"collection":[{"href":"http:\/\/sportconsult.cc\/index.php?rest_route=\/wp\/v2\/pages"}],"about":[{"href":"http:\/\/sportconsult.cc\/index.php?rest_route=\/wp\/v2\/types\/page"}],"author":[{"embeddable":true,"href":"http:\/\/sportconsult.cc\/index.php?rest_route=\/wp\/v2\/users\/1"}],"replies":[{"embeddable":true,"href":"http:\/\/sportconsult.cc\/index.php?rest_route=%2Fwp%2Fv2%2Fcomments&post=56"}],"version-history":[{"count":30,"href":"http:\/\/sportconsult.cc\/index.php?rest_route=\/wp\/v2\/pages\/56\/revisions"}],"predecessor-version":[{"id":392,"href":"http:\/\/sportconsult.cc\/index.php?rest_route=\/wp\/v2\/pages\/56\/revisions\/392"}],"wp:attachment":[{"href":"http:\/\/sportconsult.cc\/index.php?rest_route=%2Fwp%2Fv2%2Fmedia&parent=56"}],"curies":[{"name":"wp","href":"https:\/\/api.w.org\/{rel}","templated":true}]}}